{"id":5616,"date":"2021-03-12T15:56:54","date_gmt":"2021-03-12T21:56:54","guid":{"rendered":"http:\/\/losperiodistas.com.mx\/portal\/?page_id=5616"},"modified":"2021-03-12T15:57:43","modified_gmt":"2021-03-12T21:57:43","slug":"opinion-invitada","status":"publish","type":"page","link":"https:\/\/losperiodistas.com.mx\/portal\/opinion-invitada\/","title":{"rendered":"OPINION INVITADA"},"content":{"rendered":"\t\t<div data-elementor-type=\"wp-page\" data-elementor-id=\"5616\" class=\"elementor elementor-5616\">\n\t\t\t\t\t\t<section class=\"elementor-section elementor-top-section elementor-element elementor-element-d3e6318 elementor-section-full_width elementor-section-height-default elementor-section-height-default\" data-id=\"d3e6318\" data-element_type=\"section\" data-settings=\"{&quot;background_background&quot;:&quot;classic&quot;}\">\n\t\t\t\t\t\t<div class=\"elementor-container elementor-column-gap-no\">\n\t\t\t\t\t<div class=\"elementor-column elementor-col-100 elementor-top-column elementor-element elementor-element-252d810\" data-id=\"252d810\" data-element_type=\"column\">\n\t\t\t<div class=\"elementor-widget-wrap elementor-element-populated\">\n\t\t\t\t\t\t<div class=\"elementor-element elementor-element-844ec0e elementor-widget elementor-widget-heading\" data-id=\"844ec0e\" data-element_type=\"widget\" data-widget_type=\"heading.default\">\n\t\t\t\t<div class=\"elementor-widget-container\">\n\t\t\t\t\t<h2 class=\"elementor-heading-title elementor-size-default\">OPINI\u00d3N INVITADA<\/h2>\t\t\t\t<\/div>\n\t\t\t\t<\/div>\n\t\t\t\t\t<\/div>\n\t\t<\/div>\n\t\t\t\t\t<\/div>\n\t\t<\/section>\n\t\t\t\t<section class=\"elementor-section elementor-top-section elementor-element elementor-element-f77b287 elementor-section-boxed elementor-section-height-default elementor-section-height-default\" data-id=\"f77b287\" data-element_type=\"section\">\n\t\t\t\t\t\t<div class=\"elementor-container elementor-column-gap-default\">\n\t\t\t\t\t<div class=\"elementor-column elementor-col-100 elementor-top-column elementor-element elementor-element-5d8565c\" data-id=\"5d8565c\" data-element_type=\"column\">\n\t\t\t<div class=\"elementor-widget-wrap elementor-element-populated\">\n\t\t\t\t\t\t<div class=\"elementor-element elementor-element-ae6d5e0 elementor-widget elementor-widget-shortcode\" data-id=\"ae6d5e0\" data-element_type=\"widget\" data-widget_type=\"shortcode.default\">\n\t\t\t\t<div class=\"elementor-widget-container\">\n\t\t\t\t\t\t\t<div class=\"elementor-shortcode\"><div class=\"pt-cv-wrapper\"><div class=\"pt-cv-view pt-cv-grid pt-cv-colsys\" id=\"pt-cv-view-6dc0edc2jx\"><div data-id=\"pt-cv-page-1\" class=\"pt-cv-page\" data-cvc=\"3\"><div class=\"col-md-4 col-sm-6 col-xs-6 pt-cv-content-item pt-cv-1-col\" ><div class='pt-cv-ifield'><a href=\"https:\/\/losperiodistas.com.mx\/portal\/opinion-deficit-deuda-y-costo-financiero\/\" class=\"_self pt-cv-href-thumbnail pt-cv-thumb-default\" target=\"_self\" ><img fetchpriority=\"high\" decoding=\"async\" width=\"257\" height=\"300\" src=\"https:\/\/losperiodistas.com.mx\/portal\/wp-content\/uploads\/2026\/01\/Captura-de-pantalla-2026-01-17-a-las-9.17.56-257x300.png\" class=\"pt-cv-thumbnail\" alt=\"\" srcset=\"https:\/\/losperiodistas.com.mx\/portal\/wp-content\/uploads\/2026\/01\/Captura-de-pantalla-2026-01-17-a-las-9.17.56-257x300.png 257w, https:\/\/losperiodistas.com.mx\/portal\/wp-content\/uploads\/2026\/01\/Captura-de-pantalla-2026-01-17-a-las-9.17.56-878x1024.png 878w, https:\/\/losperiodistas.com.mx\/portal\/wp-content\/uploads\/2026\/01\/Captura-de-pantalla-2026-01-17-a-las-9.17.56-768x896.png 768w, https:\/\/losperiodistas.com.mx\/portal\/wp-content\/uploads\/2026\/01\/Captura-de-pantalla-2026-01-17-a-las-9.17.56.png 1096w\" sizes=\"(max-width: 257px) 100vw, 257px\" \/><\/a>\n<h4 class=\"pt-cv-title\"><a href=\"https:\/\/losperiodistas.com.mx\/portal\/opinion-deficit-deuda-y-costo-financiero\/\" class=\"_self\" target=\"_self\" >Opini\u00f3n | D\u00e9ficit, deuda y costo financiero<\/a><\/h4>\n<div class=\"pt-cv-content\">La aritm\u00e9tica fiscal que M\u00e9xico no puede seguir pateando Por Javier Cobos Fern\u00e1ndez @jcobosfernandez Los Precriterios ...<br \/><div class=\"pt-cv-rmwrap\"><a href=\"https:\/\/losperiodistas.com.mx\/portal\/opinion-deficit-deuda-y-costo-financiero\/\" class=\"_self pt-cv-readmore btn btn-success\" target=\"_self\">Leer M\u00e1s<\/a><\/div><\/div><\/div><\/div>\n<div class=\"col-md-4 col-sm-6 col-xs-6 pt-cv-content-item pt-cv-1-col\" ><div class='pt-cv-ifield'><a href=\"https:\/\/losperiodistas.com.mx\/portal\/opinion-la-soberbia-del-poder\/\" class=\"_self pt-cv-href-thumbnail pt-cv-thumb-default\" target=\"_self\" ><img decoding=\"async\" width=\"300\" height=\"300\" src=\"https:\/\/losperiodistas.com.mx\/portal\/wp-content\/uploads\/2024\/04\/Fidencio-Aguilar-300x300.jpeg\" class=\"pt-cv-thumbnail\" alt=\"\" srcset=\"https:\/\/losperiodistas.com.mx\/portal\/wp-content\/uploads\/2024\/04\/Fidencio-Aguilar-300x300.jpeg 300w, https:\/\/losperiodistas.com.mx\/portal\/wp-content\/uploads\/2024\/04\/Fidencio-Aguilar-150x150.jpeg 150w, https:\/\/losperiodistas.com.mx\/portal\/wp-content\/uploads\/2024\/04\/Fidencio-Aguilar.jpeg 500w\" sizes=\"(max-width: 300px) 100vw, 300px\" \/><\/a>\n<h4 class=\"pt-cv-title\"><a href=\"https:\/\/losperiodistas.com.mx\/portal\/opinion-la-soberbia-del-poder\/\" class=\"_self\" target=\"_self\" >Opini\u00f3n | La soberbia del poder<\/a><\/h4>\n<div class=\"pt-cv-content\">Por Dr. Fidencio Aguilar V\u00edquez Hemos constatado recientemente con azoro tres hechos que muestran c\u00f3mo el ...<br \/><div class=\"pt-cv-rmwrap\"><a href=\"https:\/\/losperiodistas.com.mx\/portal\/opinion-la-soberbia-del-poder\/\" class=\"_self pt-cv-readmore btn btn-success\" target=\"_self\">Leer M\u00e1s<\/a><\/div><\/div><\/div><\/div>\n<div class=\"col-md-4 col-sm-6 col-xs-6 pt-cv-content-item pt-cv-1-col\" ><div class='pt-cv-ifield'><a href=\"https:\/\/losperiodistas.com.mx\/portal\/opinion-mexico-el-equilibrio-que-se-agota\/\" class=\"_self pt-cv-href-thumbnail pt-cv-thumb-default\" target=\"_self\" ><img fetchpriority=\"high\" decoding=\"async\" width=\"257\" height=\"300\" src=\"https:\/\/losperiodistas.com.mx\/portal\/wp-content\/uploads\/2026\/01\/Captura-de-pantalla-2026-01-17-a-las-9.17.56-257x300.png\" class=\"pt-cv-thumbnail\" alt=\"\" srcset=\"https:\/\/losperiodistas.com.mx\/portal\/wp-content\/uploads\/2026\/01\/Captura-de-pantalla-2026-01-17-a-las-9.17.56-257x300.png 257w, https:\/\/losperiodistas.com.mx\/portal\/wp-content\/uploads\/2026\/01\/Captura-de-pantalla-2026-01-17-a-las-9.17.56-878x1024.png 878w, https:\/\/losperiodistas.com.mx\/portal\/wp-content\/uploads\/2026\/01\/Captura-de-pantalla-2026-01-17-a-las-9.17.56-768x896.png 768w, https:\/\/losperiodistas.com.mx\/portal\/wp-content\/uploads\/2026\/01\/Captura-de-pantalla-2026-01-17-a-las-9.17.56.png 1096w\" sizes=\"(max-width: 257px) 100vw, 257px\" \/><\/a>\n<h4 class=\"pt-cv-title\"><a href=\"https:\/\/losperiodistas.com.mx\/portal\/opinion-mexico-el-equilibrio-que-se-agota\/\" class=\"_self\" target=\"_self\" >Opini\u00f3n | M\u00e9xico: el equilibrio que se agota<\/a><\/h4>\n<div class=\"pt-cv-content\">Por Javier Cobos Fern\u00e1ndez @jcobosfernandez Hay econom\u00edas que se rompen con estruendo. Y hay econom\u00edas que ...<br \/><div class=\"pt-cv-rmwrap\"><a href=\"https:\/\/losperiodistas.com.mx\/portal\/opinion-mexico-el-equilibrio-que-se-agota\/\" class=\"_self pt-cv-readmore btn btn-success\" target=\"_self\">Leer M\u00e1s<\/a><\/div><\/div><\/div><\/div>\n<div class=\"col-md-4 col-sm-6 col-xs-6 pt-cv-content-item pt-cv-1-col\" ><div class='pt-cv-ifield'><a href=\"https:\/\/losperiodistas.com.mx\/portal\/opinion-sesenta-anos\/\" class=\"_self pt-cv-href-thumbnail pt-cv-thumb-default\" target=\"_self\" ><img decoding=\"async\" width=\"300\" height=\"300\" src=\"https:\/\/losperiodistas.com.mx\/portal\/wp-content\/uploads\/2024\/04\/Fidencio-Aguilar-300x300.jpeg\" class=\"pt-cv-thumbnail\" alt=\"\" srcset=\"https:\/\/losperiodistas.com.mx\/portal\/wp-content\/uploads\/2024\/04\/Fidencio-Aguilar-300x300.jpeg 300w, https:\/\/losperiodistas.com.mx\/portal\/wp-content\/uploads\/2024\/04\/Fidencio-Aguilar-150x150.jpeg 150w, https:\/\/losperiodistas.com.mx\/portal\/wp-content\/uploads\/2024\/04\/Fidencio-Aguilar.jpeg 500w\" sizes=\"(max-width: 300px) 100vw, 300px\" \/><\/a>\n<h4 class=\"pt-cv-title\"><a href=\"https:\/\/losperiodistas.com.mx\/portal\/opinion-sesenta-anos\/\" class=\"_self\" target=\"_self\" >Opini\u00f3n | Sesenta a\u00f1os<\/a><\/h4>\n<div class=\"pt-cv-content\">Por Dr. Fidencio Aguilar V\u00edquez A mi hermano Filo,a mi compadre Tito de la Torrey a ...<br \/><div class=\"pt-cv-rmwrap\"><a href=\"https:\/\/losperiodistas.com.mx\/portal\/opinion-sesenta-anos\/\" class=\"_self pt-cv-readmore btn btn-success\" target=\"_self\">Leer M\u00e1s<\/a><\/div><\/div><\/div><\/div>\n<div class=\"col-md-4 col-sm-6 col-xs-6 pt-cv-content-item pt-cv-1-col\" ><div class='pt-cv-ifield'><a href=\"https:\/\/losperiodistas.com.mx\/portal\/opinion-inflacion-tres-capas-de-un-mismo-problema\/\" class=\"_self pt-cv-href-thumbnail pt-cv-thumb-default\" target=\"_self\" ><img fetchpriority=\"high\" decoding=\"async\" width=\"257\" height=\"300\" src=\"https:\/\/losperiodistas.com.mx\/portal\/wp-content\/uploads\/2026\/01\/Captura-de-pantalla-2026-01-17-a-las-9.17.56-257x300.png\" class=\"pt-cv-thumbnail\" alt=\"\" srcset=\"https:\/\/losperiodistas.com.mx\/portal\/wp-content\/uploads\/2026\/01\/Captura-de-pantalla-2026-01-17-a-las-9.17.56-257x300.png 257w, https:\/\/losperiodistas.com.mx\/portal\/wp-content\/uploads\/2026\/01\/Captura-de-pantalla-2026-01-17-a-las-9.17.56-878x1024.png 878w, https:\/\/losperiodistas.com.mx\/portal\/wp-content\/uploads\/2026\/01\/Captura-de-pantalla-2026-01-17-a-las-9.17.56-768x896.png 768w, https:\/\/losperiodistas.com.mx\/portal\/wp-content\/uploads\/2026\/01\/Captura-de-pantalla-2026-01-17-a-las-9.17.56.png 1096w\" sizes=\"(max-width: 257px) 100vw, 257px\" \/><\/a>\n<h4 class=\"pt-cv-title\"><a href=\"https:\/\/losperiodistas.com.mx\/portal\/opinion-inflacion-tres-capas-de-un-mismo-problema\/\" class=\"_self\" target=\"_self\" >Opini\u00f3n | Inflaci\u00f3n: tres capas de un mismo problema<\/a><\/h4>\n<div class=\"pt-cv-content\">Del jitomate maldito a la cruda realidad Por Javier Cobos Fern\u00e1ndez @jcobosfernandez Hay formas c\u00f3modas de ...<br \/><div class=\"pt-cv-rmwrap\"><a href=\"https:\/\/losperiodistas.com.mx\/portal\/opinion-inflacion-tres-capas-de-un-mismo-problema\/\" class=\"_self pt-cv-readmore btn btn-success\" target=\"_self\">Leer M\u00e1s<\/a><\/div><\/div><\/div><\/div>\n<div class=\"col-md-4 col-sm-6 col-xs-6 pt-cv-content-item pt-cv-1-col\" ><div class='pt-cv-ifield'><a href=\"https:\/\/losperiodistas.com.mx\/portal\/opinion-hablar-es-gestionar-tu-reputacion\/\" class=\"_self pt-cv-href-thumbnail pt-cv-thumb-default\" target=\"_self\" ><img decoding=\"async\" width=\"300\" height=\"117\" src=\"https:\/\/losperiodistas.com.mx\/portal\/wp-content\/uploads\/2024\/07\/Captura-de-Pantalla-2021-07-20-a-las-18.51.06-300x117.jpg\" class=\"pt-cv-thumbnail\" alt=\"\" srcset=\"https:\/\/losperiodistas.com.mx\/portal\/wp-content\/uploads\/2024\/07\/Captura-de-Pantalla-2021-07-20-a-las-18.51.06-300x117.jpg 300w, https:\/\/losperiodistas.com.mx\/portal\/wp-content\/uploads\/2024\/07\/Captura-de-Pantalla-2021-07-20-a-las-18.51.06.jpg 750w\" sizes=\"(max-width: 300px) 100vw, 300px\" \/><\/a>\n<h4 class=\"pt-cv-title\"><a href=\"https:\/\/losperiodistas.com.mx\/portal\/opinion-hablar-es-gestionar-tu-reputacion\/\" class=\"_self\" target=\"_self\" >Opini\u00f3n | \u201cHablar es gestionar tu reputaci\u00f3n\u201d<\/a><\/h4>\n<div class=\"pt-cv-content\">Por Humberto Aguilar Coronado Hace muchos a\u00f1os, un directivo universitario se atrevi\u00f3 a decirme que no ...<br \/><div class=\"pt-cv-rmwrap\"><a href=\"https:\/\/losperiodistas.com.mx\/portal\/opinion-hablar-es-gestionar-tu-reputacion\/\" class=\"_self pt-cv-readmore btn btn-success\" target=\"_self\">Leer M\u00e1s<\/a><\/div><\/div><\/div><\/div>\n<div class=\"col-md-4 col-sm-6 col-xs-6 pt-cv-content-item pt-cv-1-col\" ><div class='pt-cv-ifield'><a href=\"https:\/\/losperiodistas.com.mx\/portal\/opinion-la-agencia-internacional-de-energia-reacciona\/\" class=\"_self pt-cv-href-thumbnail pt-cv-thumb-default\" target=\"_self\" ><img fetchpriority=\"high\" decoding=\"async\" width=\"257\" height=\"300\" src=\"https:\/\/losperiodistas.com.mx\/portal\/wp-content\/uploads\/2026\/01\/Captura-de-pantalla-2026-01-17-a-las-9.17.56-257x300.png\" class=\"pt-cv-thumbnail\" alt=\"\" srcset=\"https:\/\/losperiodistas.com.mx\/portal\/wp-content\/uploads\/2026\/01\/Captura-de-pantalla-2026-01-17-a-las-9.17.56-257x300.png 257w, https:\/\/losperiodistas.com.mx\/portal\/wp-content\/uploads\/2026\/01\/Captura-de-pantalla-2026-01-17-a-las-9.17.56-878x1024.png 878w, https:\/\/losperiodistas.com.mx\/portal\/wp-content\/uploads\/2026\/01\/Captura-de-pantalla-2026-01-17-a-las-9.17.56-768x896.png 768w, https:\/\/losperiodistas.com.mx\/portal\/wp-content\/uploads\/2026\/01\/Captura-de-pantalla-2026-01-17-a-las-9.17.56.png 1096w\" sizes=\"(max-width: 257px) 100vw, 257px\" \/><\/a>\n<h4 class=\"pt-cv-title\"><a href=\"https:\/\/losperiodistas.com.mx\/portal\/opinion-la-agencia-internacional-de-energia-reacciona\/\" class=\"_self\" target=\"_self\" >Opini\u00f3n | La Agencia Internacional de Energ\u00eda reacciona<\/a><\/h4>\n<div class=\"pt-cv-content\">La medida opera como un importante comprador de tiempo, pero el mercado a\u00fan no compra la ...<br \/><div class=\"pt-cv-rmwrap\"><a href=\"https:\/\/losperiodistas.com.mx\/portal\/opinion-la-agencia-internacional-de-energia-reacciona\/\" class=\"_self pt-cv-readmore btn btn-success\" target=\"_self\">Leer M\u00e1s<\/a><\/div><\/div><\/div><\/div>\n<div class=\"col-md-4 col-sm-6 col-xs-6 pt-cv-content-item pt-cv-1-col\" ><div class='pt-cv-ifield'><a href=\"https:\/\/losperiodistas.com.mx\/portal\/lo-que-pasa-y-no-vemos\/\" class=\"_self pt-cv-href-thumbnail pt-cv-thumb-default\" target=\"_self\" ><img decoding=\"async\" width=\"300\" height=\"300\" src=\"https:\/\/losperiodistas.com.mx\/portal\/wp-content\/uploads\/2024\/04\/Fidencio-Aguilar-300x300.jpeg\" class=\"pt-cv-thumbnail\" alt=\"\" srcset=\"https:\/\/losperiodistas.com.mx\/portal\/wp-content\/uploads\/2024\/04\/Fidencio-Aguilar-300x300.jpeg 300w, https:\/\/losperiodistas.com.mx\/portal\/wp-content\/uploads\/2024\/04\/Fidencio-Aguilar-150x150.jpeg 150w, https:\/\/losperiodistas.com.mx\/portal\/wp-content\/uploads\/2024\/04\/Fidencio-Aguilar.jpeg 500w\" sizes=\"(max-width: 300px) 100vw, 300px\" \/><\/a>\n<h4 class=\"pt-cv-title\"><a href=\"https:\/\/losperiodistas.com.mx\/portal\/lo-que-pasa-y-no-vemos\/\" class=\"_self\" target=\"_self\" >Lo que pasa y no vemos<\/a><\/h4>\n<div class=\"pt-cv-content\">Lo que surge a partir de la derrota de la raz\u00f3n, o de su erosi\u00f3n, es ...<br \/><div class=\"pt-cv-rmwrap\"><a href=\"https:\/\/losperiodistas.com.mx\/portal\/lo-que-pasa-y-no-vemos\/\" class=\"_self pt-cv-readmore btn btn-success\" target=\"_self\">Leer M\u00e1s<\/a><\/div><\/div><\/div><\/div>\n<div class=\"col-md-4 col-sm-6 col-xs-6 pt-cv-content-item pt-cv-1-col\" ><div class='pt-cv-ifield'><a href=\"https:\/\/losperiodistas.com.mx\/portal\/opinion-ormuz-como-interruptor\/\" class=\"_self pt-cv-href-thumbnail pt-cv-thumb-default\" target=\"_self\" ><img fetchpriority=\"high\" decoding=\"async\" width=\"257\" height=\"300\" src=\"https:\/\/losperiodistas.com.mx\/portal\/wp-content\/uploads\/2026\/01\/Captura-de-pantalla-2026-01-17-a-las-9.17.56-257x300.png\" class=\"pt-cv-thumbnail\" alt=\"\" srcset=\"https:\/\/losperiodistas.com.mx\/portal\/wp-content\/uploads\/2026\/01\/Captura-de-pantalla-2026-01-17-a-las-9.17.56-257x300.png 257w, https:\/\/losperiodistas.com.mx\/portal\/wp-content\/uploads\/2026\/01\/Captura-de-pantalla-2026-01-17-a-las-9.17.56-878x1024.png 878w, https:\/\/losperiodistas.com.mx\/portal\/wp-content\/uploads\/2026\/01\/Captura-de-pantalla-2026-01-17-a-las-9.17.56-768x896.png 768w, https:\/\/losperiodistas.com.mx\/portal\/wp-content\/uploads\/2026\/01\/Captura-de-pantalla-2026-01-17-a-las-9.17.56.png 1096w\" sizes=\"(max-width: 257px) 100vw, 257px\" \/><\/a>\n<h4 class=\"pt-cv-title\"><a href=\"https:\/\/losperiodistas.com.mx\/portal\/opinion-ormuz-como-interruptor\/\" class=\"_self\" target=\"_self\" >Opini\u00f3n | Ormuz como interruptor<\/a><\/h4>\n<div class=\"pt-cv-content\">Rese\u00f1a del impacto en el mercado energ\u00e9tico en M\u00e9xico Por Javier Cobos Fern\u00e1ndez @jcobosfernandez Lo que ...<br \/><div class=\"pt-cv-rmwrap\"><a href=\"https:\/\/losperiodistas.com.mx\/portal\/opinion-ormuz-como-interruptor\/\" class=\"_self pt-cv-readmore btn btn-success\" target=\"_self\">Leer M\u00e1s<\/a><\/div><\/div><\/div><\/div><\/div><\/div>\n<div class=\" pt-cv-pagination-wrapper\"><ul class=\"pt-cv-pagination pt-cv-ajax pagination\" data-totalpages=\"34\" data-currentpage=\"1\" data-sid=\"6dc0edc2jx\" data-unid=\"\" data-isblock=\"\" data-postid=\"\"><li class=\"active\"><a href=\"#\">1<\/a><\/li>\n\t<li ><a class=\"\" href=\"https:\/\/losperiodistas.com.mx\/portal\/wp-json\/wp\/v2\/pages\/5616\/?_page=2\">2<\/a><\/li>\n\t<li ><a class=\"\" href=\"https:\/\/losperiodistas.com.mx\/portal\/wp-json\/wp\/v2\/pages\/5616\/?_page=3\">3<\/a><\/li>\n\t<li ><a href=\"#\">&hellip;<\/a><\/li>\n\t<li ><a class=\"\" href=\"https:\/\/losperiodistas.com.mx\/portal\/wp-json\/wp\/v2\/pages\/5616\/?_page=34\">34<\/a><\/li>\n\t<li ><a class=\" \" href=\"https:\/\/losperiodistas.com.mx\/portal\/wp-json\/wp\/v2\/pages\/5616\/?_page=2\">&rsaquo;<\/a><\/li>\n\t<\/ul><img loading=\"lazy\" decoding=\"async\" width=\"15\" height=\"15\" class=\"pt-cv-spinner\" alt=\"Cargando...\" src=\"data:image\/gif;base64,R0lGODlhDwAPALMPAMrKygwMDJOTkz09PZWVla+vr3p6euTk5M7OzuXl5TMzMwAAAJmZmWZmZszMzP\/\/\/yH\/C05FVFNDQVBFMi4wAwEAAAAh+QQFCgAPACwAAAAADwAPAAAEQvDJaZaZOIcV8iQK8VRX4iTYoAwZ4iCYoAjZ4RxejhVNoT+mRGP4cyF4Pp0N98sBGIBMEMOotl6YZ3S61Bmbkm4mAgAh+QQFCgAPACwAAAAADQANAAAENPDJSRSZeA418itN8QiK8BiLITVsFiyBBIoYqnoewAD4xPw9iY4XLGYSjkQR4UAUD45DLwIAIfkEBQoADwAsAAAAAA8ACQAABC\/wyVlamTi3nSdgwFNdhEJgTJoNyoB9ISYoQmdjiZPcj7EYCAeCF1gEDo4Dz2eIAAAh+QQFCgAPACwCAAAADQANAAAEM\/DJBxiYeLKdX3IJZT1FU0iIg2RNKx3OkZVnZ98ToRD4MyiDnkAh6BkNC0MvsAj0kMpHBAAh+QQFCgAPACwGAAAACQAPAAAEMDC59KpFDll73HkAA2wVY5KgiK5b0RRoI6MuzG6EQqCDMlSGheEhUAgqgUUAFRySIgAh+QQFCgAPACwCAAIADQANAAAEM\/DJKZNLND\/kkKaHc3xk+QAMYDKsiaqmZCxGVjSFFCxB1vwy2oOgIDxuucxAMTAJFAJNBAAh+QQFCgAPACwAAAYADwAJAAAEMNAs86q1yaWwwv2Ig0jUZx3OYa4XoRAfwADXoAwfo1+CIjyFRuEho60aSNYlOPxEAAAh+QQFCgAPACwAAAIADQANAAAENPA9s4y8+IUVcqaWJ4qEQozSoAzoIyhCK2NFU2SJk0hNnyEOhKR2AzAAj4Pj4GE4W0bkJQIAOw==\" \/><div class=\"clear pt-cv-clear-pagination\"><\/div><\/div><\/div><\/div>\n\t\t\t\t\t\t<\/div>\n\t\t\t\t<\/div>\n\t\t\t\t\t<\/div>\n\t\t<\/div>\n\t\t\t\t\t<\/div>\n\t\t<\/section>\n\t\t\t\t<\/div>\n\t\t","protected":false},"excerpt":{"rendered":"<p>OPINI\u00d3N INVITADA<\/p>\n","protected":false},"author":1,"featured_media":0,"parent":0,"menu_order":0,"comment_status":"closed","ping_status":"closed","template":"elementor_header_footer","meta":{"site-sidebar-layout":"default","site-content-layout":"","ast-site-content-layout":"default","site-content-style":"default","site-sidebar-style":"default","ast-global-header-display":"","ast-banner-title-visibility":"","ast-main-header-display":"","ast-hfb-above-header-display":"","ast-hfb-below-header-display":"","ast-hfb-mobile-header-display":"","site-post-title":"","ast-breadcrumbs-content":"","ast-featured-img":"","footer-sml-layout":"","theme-transparent-header-meta":"","adv-header-id-meta":"","stick-header-meta":"","header-above-stick-meta":"","header-main-stick-meta":"","header-below-stick-meta":"","astra-migrate-meta-layouts":"default","ast-page-background-enabled":"default","ast-page-background-meta":{"desktop":{"background-color":"var(--ast-global-color-4)","background-image":"","background-repeat":"repeat","background-position":"center center","background-size":"auto","background-attachment":"scroll","background-type":"","background-media":"","overlay-type":"","overlay-color":"","overlay-opacity":"","overlay-gradient":""},"tablet":{"background-color":"","background-image":"","background-repeat":"repeat","background-position":"center center","background-size":"auto","background-attachment":"scroll","background-type":"","background-media":"","overlay-type":"","overlay-color":"","overlay-opacity":"","overlay-gradient":""},"mobile":{"background-color":"","background-image":"","background-repeat":"repeat","background-position":"center center","background-size":"auto","background-attachment":"scroll","background-type":"","background-media":"","overlay-type":"","overlay-color":"","overlay-opacity":"","overlay-gradient":""}},"ast-content-background-meta":{"desktop":{"background-color":"var(--ast-global-color-5)","background-image":"","background-repeat":"repeat","background-position":"center center","background-size":"auto","background-attachment":"scroll","background-type":"","background-media":"","overlay-type":"","overlay-color":"","overlay-opacity":"","overlay-gradient":""},"tablet":{"background-color":"var(--ast-global-color-5)","background-image":"","background-repeat":"repeat","background-position":"center center","background-size":"auto","background-attachment":"scroll","background-type":"","background-media":"","overlay-type":"","overlay-color":"","overlay-opacity":"","overlay-gradient":""},"mobile":{"background-color":"var(--ast-global-color-5)","background-image":"","background-repeat":"repeat","background-position":"center center","background-size":"auto","background-attachment":"scroll","background-type":"","background-media":"","overlay-type":"","overlay-color":"","overlay-opacity":"","overlay-gradient":""}},"footnotes":""},"class_list":["post-5616","page","type-page","status-publish","hentry"],"_links":{"self":[{"href":"https:\/\/losperiodistas.com.mx\/portal\/wp-json\/wp\/v2\/pages\/5616","targetHints":{"allow":["GET"]}}],"collection":[{"href":"https:\/\/losperiodistas.com.mx\/portal\/wp-json\/wp\/v2\/pages"}],"about":[{"href":"https:\/\/losperiodistas.com.mx\/portal\/wp-json\/wp\/v2\/types\/page"}],"author":[{"embeddable":true,"href":"https:\/\/losperiodistas.com.mx\/portal\/wp-json\/wp\/v2\/users\/1"}],"replies":[{"embeddable":true,"href":"https:\/\/losperiodistas.com.mx\/portal\/wp-json\/wp\/v2\/comments?post=5616"}],"version-history":[{"count":4,"href":"https:\/\/losperiodistas.com.mx\/portal\/wp-json\/wp\/v2\/pages\/5616\/revisions"}],"predecessor-version":[{"id":5620,"href":"https:\/\/losperiodistas.com.mx\/portal\/wp-json\/wp\/v2\/pages\/5616\/revisions\/5620"}],"wp:attachment":[{"href":"https:\/\/losperiodistas.com.mx\/portal\/wp-json\/wp\/v2\/media?parent=5616"}],"curies":[{"name":"wp","href":"https:\/\/api.w.org\/{rel}","templated":true}]}}