{"id":5551,"date":"2021-03-12T15:37:22","date_gmt":"2021-03-12T21:37:22","guid":{"rendered":"http:\/\/losperiodistas.com.mx\/portal\/?page_id=5551"},"modified":"2025-02-21T14:44:16","modified_gmt":"2025-02-21T20:44:16","slug":"por-soleares","status":"publish","type":"page","link":"https:\/\/losperiodistas.com.mx\/portal\/por-soleares\/","title":{"rendered":"POR SOLEARES"},"content":{"rendered":"\t\t<div data-elementor-type=\"wp-page\" data-elementor-id=\"5551\" class=\"elementor elementor-5551\">\n\t\t\t\t\t\t<section class=\"elementor-section elementor-top-section elementor-element elementor-element-66e5b23 elementor-section-full_width elementor-section-height-min-height elementor-section-height-default elementor-section-items-middle\" data-id=\"66e5b23\" data-element_type=\"section\" data-settings=\"{&quot;background_background&quot;:&quot;classic&quot;}\">\n\t\t\t\t\t\t<div class=\"elementor-container elementor-column-gap-no\">\n\t\t\t\t\t<div class=\"elementor-column elementor-col-100 elementor-top-column elementor-element elementor-element-13cf663\" data-id=\"13cf663\" data-element_type=\"column\">\n\t\t\t<div class=\"elementor-widget-wrap elementor-element-populated\">\n\t\t\t\t\t\t<div class=\"elementor-element elementor-element-aff86bb elementor-widget elementor-widget-heading\" data-id=\"aff86bb\" data-element_type=\"widget\" data-widget_type=\"heading.default\">\n\t\t\t\t<div class=\"elementor-widget-container\">\n\t\t\t\t\t<h2 class=\"elementor-heading-title elementor-size-default\">POR SOLEARES<\/h2>\t\t\t\t<\/div>\n\t\t\t\t<\/div>\n\t\t\t\t\t<\/div>\n\t\t<\/div>\n\t\t\t\t\t<\/div>\n\t\t<\/section>\n\t\t\t\t<section class=\"elementor-section elementor-top-section elementor-element elementor-element-776410d elementor-section-boxed elementor-section-height-default elementor-section-height-default\" data-id=\"776410d\" data-element_type=\"section\">\n\t\t\t\t\t\t<div class=\"elementor-container elementor-column-gap-default\">\n\t\t\t\t\t<div class=\"elementor-column elementor-col-100 elementor-top-column elementor-element elementor-element-b550dfc\" data-id=\"b550dfc\" data-element_type=\"column\">\n\t\t\t<div class=\"elementor-widget-wrap elementor-element-populated\">\n\t\t\t\t\t\t<div class=\"elementor-element elementor-element-d0a2fc2 elementor-widget elementor-widget-shortcode\" data-id=\"d0a2fc2\" data-element_type=\"widget\" data-widget_type=\"shortcode.default\">\n\t\t\t\t<div class=\"elementor-widget-container\">\n\t\t\t\t\t\t\t<div class=\"elementor-shortcode\"><div class=\"pt-cv-wrapper\"><div class=\"pt-cv-view pt-cv-grid pt-cv-colsys\" id=\"pt-cv-view-646b9551f6\"><div data-id=\"pt-cv-page-1\" class=\"pt-cv-page\" data-cvc=\"3\"><div class=\"col-md-4 col-sm-6 col-xs-6 pt-cv-content-item pt-cv-1-col\" ><div class='pt-cv-ifield'><a href=\"https:\/\/losperiodistas.com.mx\/portal\/la-cuna-de-sheinbaum\/\" class=\"_self pt-cv-href-thumbnail pt-cv-thumb-default\" target=\"_self\" ><img decoding=\"async\" width=\"300\" height=\"164\" src=\"https:\/\/losperiodistas.com.mx\/portal\/wp-content\/uploads\/2026\/04\/Captura-de-pantalla-2026-04-26-a-las-11.31.47-300x164.png\" class=\"pt-cv-thumbnail\" alt=\"\" srcset=\"https:\/\/losperiodistas.com.mx\/portal\/wp-content\/uploads\/2026\/04\/Captura-de-pantalla-2026-04-26-a-las-11.31.47-300x164.png 300w, https:\/\/losperiodistas.com.mx\/portal\/wp-content\/uploads\/2026\/04\/Captura-de-pantalla-2026-04-26-a-las-11.31.47-1024x560.png 1024w, https:\/\/losperiodistas.com.mx\/portal\/wp-content\/uploads\/2026\/04\/Captura-de-pantalla-2026-04-26-a-las-11.31.47-768x420.png 768w, https:\/\/losperiodistas.com.mx\/portal\/wp-content\/uploads\/2026\/04\/Captura-de-pantalla-2026-04-26-a-las-11.31.47.png 1270w\" sizes=\"(max-width: 300px) 100vw, 300px\" \/><\/a>\n<h4 class=\"pt-cv-title\"><a href=\"https:\/\/losperiodistas.com.mx\/portal\/la-cuna-de-sheinbaum\/\" class=\"_self\" target=\"_self\" >La \u00abcu\u00f1a\u00bb de Sheinbaum<\/a><\/h4>\n<div class=\"pt-cv-content\">#PorSoleares | Mensaje para los \u201cadelantados\u201d, Olivia Salom\u00f3n la cu\u00f1a de Sheinbaum Por Jes\u00fas Manuel Hern\u00e1ndez ...<br \/><div class=\"pt-cv-rmwrap\"><a href=\"https:\/\/losperiodistas.com.mx\/portal\/la-cuna-de-sheinbaum\/\" class=\"_self pt-cv-readmore btn btn-success\" target=\"_self\">Leer M\u00e1s<\/a><\/div><\/div><\/div><\/div>\n<div class=\"col-md-4 col-sm-6 col-xs-6 pt-cv-content-item pt-cv-1-col\" ><div class='pt-cv-ifield'><a href=\"https:\/\/losperiodistas.com.mx\/portal\/comercio-y-glow\/\" class=\"_self pt-cv-href-thumbnail pt-cv-thumb-default\" target=\"_self\" ><img decoding=\"async\" width=\"300\" height=\"166\" src=\"https:\/\/losperiodistas.com.mx\/portal\/wp-content\/uploads\/2026\/04\/Captura-de-pantalla-2026-04-19-a-las-12.02.21-300x166.png\" class=\"pt-cv-thumbnail\" alt=\"\" srcset=\"https:\/\/losperiodistas.com.mx\/portal\/wp-content\/uploads\/2026\/04\/Captura-de-pantalla-2026-04-19-a-las-12.02.21-300x166.png 300w, https:\/\/losperiodistas.com.mx\/portal\/wp-content\/uploads\/2026\/04\/Captura-de-pantalla-2026-04-19-a-las-12.02.21-1024x566.png 1024w, https:\/\/losperiodistas.com.mx\/portal\/wp-content\/uploads\/2026\/04\/Captura-de-pantalla-2026-04-19-a-las-12.02.21-768x424.png 768w, https:\/\/losperiodistas.com.mx\/portal\/wp-content\/uploads\/2026\/04\/Captura-de-pantalla-2026-04-19-a-las-12.02.21.png 1278w\" sizes=\"(max-width: 300px) 100vw, 300px\" \/><\/a>\n<h4 class=\"pt-cv-title\"><a href=\"https:\/\/losperiodistas.com.mx\/portal\/comercio-y-glow\/\" class=\"_self\" target=\"_self\" >Comercio y Glow<\/a><\/h4>\n<div class=\"pt-cv-content\">#PorSoleares | Glow demostr\u00f3 que la sociedad poblana est\u00e1 \u00e1vida de oferta que convoque a caminar ...<br \/><div class=\"pt-cv-rmwrap\"><a href=\"https:\/\/losperiodistas.com.mx\/portal\/comercio-y-glow\/\" class=\"_self pt-cv-readmore btn btn-success\" target=\"_self\">Leer M\u00e1s<\/a><\/div><\/div><\/div><\/div>\n<div class=\"col-md-4 col-sm-6 col-xs-6 pt-cv-content-item pt-cv-1-col\" ><div class='pt-cv-ifield'><a href=\"https:\/\/losperiodistas.com.mx\/portal\/a-proposito-de-abucheos\/\" class=\"_self pt-cv-href-thumbnail pt-cv-thumb-default\" target=\"_self\" ><img fetchpriority=\"high\" decoding=\"async\" width=\"300\" height=\"170\" src=\"https:\/\/losperiodistas.com.mx\/portal\/wp-content\/uploads\/2026\/04\/Captura-de-pantalla-2026-04-12-a-las-11.49.35-300x170.png\" class=\"pt-cv-thumbnail\" alt=\"\" srcset=\"https:\/\/losperiodistas.com.mx\/portal\/wp-content\/uploads\/2026\/04\/Captura-de-pantalla-2026-04-12-a-las-11.49.35-300x170.png 300w, https:\/\/losperiodistas.com.mx\/portal\/wp-content\/uploads\/2026\/04\/Captura-de-pantalla-2026-04-12-a-las-11.49.35-1024x579.png 1024w, https:\/\/losperiodistas.com.mx\/portal\/wp-content\/uploads\/2026\/04\/Captura-de-pantalla-2026-04-12-a-las-11.49.35-768x434.png 768w, https:\/\/losperiodistas.com.mx\/portal\/wp-content\/uploads\/2026\/04\/Captura-de-pantalla-2026-04-12-a-las-11.49.35.png 1248w\" sizes=\"(max-width: 300px) 100vw, 300px\" \/><\/a>\n<h4 class=\"pt-cv-title\"><a href=\"https:\/\/losperiodistas.com.mx\/portal\/a-proposito-de-abucheos\/\" class=\"_self\" target=\"_self\" >A prop\u00f3sito de abucheos<\/a><\/h4>\n<div class=\"pt-cv-content\">#PorSoleares | La presencia de \u201cabucheadores\u201d y \u201caplaudidores\u201d en actos p\u00fablicos, un s\u00edntoma m\u00e1s de la ...<br \/><div class=\"pt-cv-rmwrap\"><a href=\"https:\/\/losperiodistas.com.mx\/portal\/a-proposito-de-abucheos\/\" class=\"_self pt-cv-readmore btn btn-success\" target=\"_self\">Leer M\u00e1s<\/a><\/div><\/div><\/div><\/div>\n<div class=\"col-md-4 col-sm-6 col-xs-6 pt-cv-content-item pt-cv-1-col\" ><div class='pt-cv-ifield'><a href=\"https:\/\/losperiodistas.com.mx\/portal\/la-cereza\/\" class=\"_self pt-cv-href-thumbnail pt-cv-thumb-default\" target=\"_self\" ><img loading=\"lazy\" decoding=\"async\" width=\"300\" height=\"170\" src=\"https:\/\/losperiodistas.com.mx\/portal\/wp-content\/uploads\/2026\/04\/Captura-de-pantalla-2026-04-05-a-las-11.58.45-300x170.png\" class=\"pt-cv-thumbnail\" alt=\"\" srcset=\"https:\/\/losperiodistas.com.mx\/portal\/wp-content\/uploads\/2026\/04\/Captura-de-pantalla-2026-04-05-a-las-11.58.45-300x170.png 300w, https:\/\/losperiodistas.com.mx\/portal\/wp-content\/uploads\/2026\/04\/Captura-de-pantalla-2026-04-05-a-las-11.58.45-1024x580.png 1024w, https:\/\/losperiodistas.com.mx\/portal\/wp-content\/uploads\/2026\/04\/Captura-de-pantalla-2026-04-05-a-las-11.58.45-768x435.png 768w, https:\/\/losperiodistas.com.mx\/portal\/wp-content\/uploads\/2026\/04\/Captura-de-pantalla-2026-04-05-a-las-11.58.45.png 1258w\" sizes=\"(max-width: 300px) 100vw, 300px\" \/><\/a>\n<h4 class=\"pt-cv-title\"><a href=\"https:\/\/losperiodistas.com.mx\/portal\/la-cereza\/\" class=\"_self\" target=\"_self\" >La cereza<\/a><\/h4>\n<div class=\"pt-cv-content\">#PorSoleares | La capital de Puebla es la cereza en el pastel con miras a las ...<br \/><div class=\"pt-cv-rmwrap\"><a href=\"https:\/\/losperiodistas.com.mx\/portal\/la-cereza\/\" class=\"_self pt-cv-readmore btn btn-success\" target=\"_self\">Leer M\u00e1s<\/a><\/div><\/div><\/div><\/div>\n<div class=\"col-md-4 col-sm-6 col-xs-6 pt-cv-content-item pt-cv-1-col\" ><div class='pt-cv-ifield'><a href=\"https:\/\/losperiodistas.com.mx\/portal\/negociaciones-o-encuestas\/\" class=\"_self pt-cv-href-thumbnail pt-cv-thumb-default\" target=\"_self\" ><img loading=\"lazy\" decoding=\"async\" width=\"300\" height=\"168\" src=\"https:\/\/losperiodistas.com.mx\/portal\/wp-content\/uploads\/2026\/03\/Captura-de-pantalla-2026-03-22-a-las-11.45.27-300x168.png\" class=\"pt-cv-thumbnail\" alt=\"\" srcset=\"https:\/\/losperiodistas.com.mx\/portal\/wp-content\/uploads\/2026\/03\/Captura-de-pantalla-2026-03-22-a-las-11.45.27-300x168.png 300w, https:\/\/losperiodistas.com.mx\/portal\/wp-content\/uploads\/2026\/03\/Captura-de-pantalla-2026-03-22-a-las-11.45.27-1024x572.png 1024w, https:\/\/losperiodistas.com.mx\/portal\/wp-content\/uploads\/2026\/03\/Captura-de-pantalla-2026-03-22-a-las-11.45.27-768x429.png 768w, https:\/\/losperiodistas.com.mx\/portal\/wp-content\/uploads\/2026\/03\/Captura-de-pantalla-2026-03-22-a-las-11.45.27.png 1250w\" sizes=\"(max-width: 300px) 100vw, 300px\" \/><\/a>\n<h4 class=\"pt-cv-title\"><a href=\"https:\/\/losperiodistas.com.mx\/portal\/negociaciones-o-encuestas\/\" class=\"_self\" target=\"_self\" >\u00bfNegociaciones o encuestas?<\/a><\/h4>\n<div class=\"pt-cv-content\">PorSoleares | \u00bfLa capital de Puebla tendr\u00e1 candidatos encuestados o m\u00e1s bien negociados con los grupos ...<br \/><div class=\"pt-cv-rmwrap\"><a href=\"https:\/\/losperiodistas.com.mx\/portal\/negociaciones-o-encuestas\/\" class=\"_self pt-cv-readmore btn btn-success\" target=\"_self\">Leer M\u00e1s<\/a><\/div><\/div><\/div><\/div>\n<div class=\"col-md-4 col-sm-6 col-xs-6 pt-cv-content-item pt-cv-1-col\" ><div class='pt-cv-ifield'><a href=\"https:\/\/losperiodistas.com.mx\/portal\/aunque-sea-de-regidor\/\" class=\"_self pt-cv-href-thumbnail pt-cv-thumb-default\" target=\"_self\" ><img loading=\"lazy\" decoding=\"async\" width=\"300\" height=\"168\" src=\"https:\/\/losperiodistas.com.mx\/portal\/wp-content\/uploads\/2026\/03\/Captura-de-pantalla-2026-03-15-a-las-12.14.04-300x168.png\" class=\"pt-cv-thumbnail\" alt=\"\" srcset=\"https:\/\/losperiodistas.com.mx\/portal\/wp-content\/uploads\/2026\/03\/Captura-de-pantalla-2026-03-15-a-las-12.14.04-300x168.png 300w, https:\/\/losperiodistas.com.mx\/portal\/wp-content\/uploads\/2026\/03\/Captura-de-pantalla-2026-03-15-a-las-12.14.04-1024x574.png 1024w, https:\/\/losperiodistas.com.mx\/portal\/wp-content\/uploads\/2026\/03\/Captura-de-pantalla-2026-03-15-a-las-12.14.04-768x430.png 768w, https:\/\/losperiodistas.com.mx\/portal\/wp-content\/uploads\/2026\/03\/Captura-de-pantalla-2026-03-15-a-las-12.14.04.png 1256w\" sizes=\"(max-width: 300px) 100vw, 300px\" \/><\/a>\n<h4 class=\"pt-cv-title\"><a href=\"https:\/\/losperiodistas.com.mx\/portal\/aunque-sea-de-regidor\/\" class=\"_self\" target=\"_self\" >\u00abAunque sea de regidor\u00bb<\/a><\/h4>\n<div class=\"pt-cv-content\">#PorSoleares | Las candidaturas a regidores han sido tradicionalmente para comparsas, premios, becas econ\u00f3micas y pol\u00edticas, ...<br \/><div class=\"pt-cv-rmwrap\"><a href=\"https:\/\/losperiodistas.com.mx\/portal\/aunque-sea-de-regidor\/\" class=\"_self pt-cv-readmore btn btn-success\" target=\"_self\">Leer M\u00e1s<\/a><\/div><\/div><\/div><\/div>\n<div class=\"col-md-4 col-sm-6 col-xs-6 pt-cv-content-item pt-cv-1-col\" ><div class='pt-cv-ifield'><a href=\"https:\/\/losperiodistas.com.mx\/portal\/el-cablebus\/\" class=\"_self pt-cv-href-thumbnail pt-cv-thumb-default\" target=\"_self\" ><img loading=\"lazy\" decoding=\"async\" width=\"300\" height=\"169\" src=\"https:\/\/losperiodistas.com.mx\/portal\/wp-content\/uploads\/2026\/03\/Captura-de-pantalla-2026-03-01-a-las-10.52.49-300x169.png\" class=\"pt-cv-thumbnail\" alt=\"\" srcset=\"https:\/\/losperiodistas.com.mx\/portal\/wp-content\/uploads\/2026\/03\/Captura-de-pantalla-2026-03-01-a-las-10.52.49-300x169.png 300w, https:\/\/losperiodistas.com.mx\/portal\/wp-content\/uploads\/2026\/03\/Captura-de-pantalla-2026-03-01-a-las-10.52.49-1024x578.png 1024w, https:\/\/losperiodistas.com.mx\/portal\/wp-content\/uploads\/2026\/03\/Captura-de-pantalla-2026-03-01-a-las-10.52.49-768x433.png 768w, https:\/\/losperiodistas.com.mx\/portal\/wp-content\/uploads\/2026\/03\/Captura-de-pantalla-2026-03-01-a-las-10.52.49.png 1276w\" sizes=\"(max-width: 300px) 100vw, 300px\" \/><\/a>\n<h4 class=\"pt-cv-title\"><a href=\"https:\/\/losperiodistas.com.mx\/portal\/el-cablebus\/\" class=\"_self\" target=\"_self\" >El Cableb\u00fas<\/a><\/h4>\n<div class=\"pt-cv-content\">#PorSoleares | Estrategia para instalar cableb\u00fas en Puebla y la pol\u00e9mica politizada de retiro de \u00e1rboles ...<br \/><div class=\"pt-cv-rmwrap\"><a href=\"https:\/\/losperiodistas.com.mx\/portal\/el-cablebus\/\" class=\"_self pt-cv-readmore btn btn-success\" target=\"_self\">Leer M\u00e1s<\/a><\/div><\/div><\/div><\/div>\n<div class=\"col-md-4 col-sm-6 col-xs-6 pt-cv-content-item pt-cv-1-col\" ><div class='pt-cv-ifield'><a href=\"https:\/\/losperiodistas.com.mx\/portal\/puebla-esta-de-luto\/\" class=\"_self pt-cv-href-thumbnail pt-cv-thumb-default\" target=\"_self\" ><img loading=\"lazy\" decoding=\"async\" width=\"300\" height=\"167\" src=\"https:\/\/losperiodistas.com.mx\/portal\/wp-content\/uploads\/2026\/02\/Captura-de-pantalla-2026-02-22-a-las-10.33.15-300x167.png\" class=\"pt-cv-thumbnail\" alt=\"\" srcset=\"https:\/\/losperiodistas.com.mx\/portal\/wp-content\/uploads\/2026\/02\/Captura-de-pantalla-2026-02-22-a-las-10.33.15-300x167.png 300w, https:\/\/losperiodistas.com.mx\/portal\/wp-content\/uploads\/2026\/02\/Captura-de-pantalla-2026-02-22-a-las-10.33.15-1024x570.png 1024w, https:\/\/losperiodistas.com.mx\/portal\/wp-content\/uploads\/2026\/02\/Captura-de-pantalla-2026-02-22-a-las-10.33.15-768x428.png 768w, https:\/\/losperiodistas.com.mx\/portal\/wp-content\/uploads\/2026\/02\/Captura-de-pantalla-2026-02-22-a-las-10.33.15.png 1250w\" sizes=\"(max-width: 300px) 100vw, 300px\" \/><\/a>\n<h4 class=\"pt-cv-title\"><a href=\"https:\/\/losperiodistas.com.mx\/portal\/puebla-esta-de-luto\/\" class=\"_self\" target=\"_self\" >Puebla est\u00e1 de luto<\/a><\/h4>\n<div class=\"pt-cv-content\">#PorSoleares | Si la autoridad deja crecer la desinformaci\u00f3n, sobre la inseguridad, se estar\u00e1 abonando en ...<br \/><div class=\"pt-cv-rmwrap\"><a href=\"https:\/\/losperiodistas.com.mx\/portal\/puebla-esta-de-luto\/\" class=\"_self pt-cv-readmore btn btn-success\" target=\"_self\">Leer M\u00e1s<\/a><\/div><\/div><\/div><\/div>\n<div class=\"col-md-4 col-sm-6 col-xs-6 pt-cv-content-item pt-cv-1-col\" ><div class='pt-cv-ifield'><a href=\"https:\/\/losperiodistas.com.mx\/portal\/la-ley-silla\/\" class=\"_self pt-cv-href-thumbnail pt-cv-thumb-default\" target=\"_self\" ><img loading=\"lazy\" decoding=\"async\" width=\"300\" height=\"168\" src=\"https:\/\/losperiodistas.com.mx\/portal\/wp-content\/uploads\/2026\/02\/Captura-de-pantalla-2026-02-15-a-las-11.52.13-300x168.png\" class=\"pt-cv-thumbnail\" alt=\"\" srcset=\"https:\/\/losperiodistas.com.mx\/portal\/wp-content\/uploads\/2026\/02\/Captura-de-pantalla-2026-02-15-a-las-11.52.13-300x168.png 300w, https:\/\/losperiodistas.com.mx\/portal\/wp-content\/uploads\/2026\/02\/Captura-de-pantalla-2026-02-15-a-las-11.52.13-1024x574.png 1024w, https:\/\/losperiodistas.com.mx\/portal\/wp-content\/uploads\/2026\/02\/Captura-de-pantalla-2026-02-15-a-las-11.52.13-768x430.png 768w, https:\/\/losperiodistas.com.mx\/portal\/wp-content\/uploads\/2026\/02\/Captura-de-pantalla-2026-02-15-a-las-11.52.13.png 1246w\" sizes=\"(max-width: 300px) 100vw, 300px\" \/><\/a>\n<h4 class=\"pt-cv-title\"><a href=\"https:\/\/losperiodistas.com.mx\/portal\/la-ley-silla\/\" class=\"_self\" target=\"_self\" >La Ley Silla&#8230;<\/a><\/h4>\n<div class=\"pt-cv-content\">#PorSoleares | Sobre c\u00f3mo funcionan las relaciones obrero-patronales, en algunos almacenes tradicionales de Puebla, empezando por ...<br \/><div class=\"pt-cv-rmwrap\"><a href=\"https:\/\/losperiodistas.com.mx\/portal\/la-ley-silla\/\" class=\"_self pt-cv-readmore btn btn-success\" target=\"_self\">Leer M\u00e1s<\/a><\/div><\/div><\/div><\/div><\/div><\/div>\n<div class=\" pt-cv-pagination-wrapper\"><ul class=\"pt-cv-pagination pt-cv-ajax pagination\" data-totalpages=\"30\" data-currentpage=\"1\" data-sid=\"646b9551f6\" data-unid=\"\" data-isblock=\"\" data-postid=\"\"><li class=\"active\"><a href=\"#\">1<\/a><\/li>\n\t<li ><a class=\"\" href=\"https:\/\/losperiodistas.com.mx\/portal\/wp-json\/wp\/v2\/pages\/5551\/?_page=2\">2<\/a><\/li>\n\t<li ><a class=\"\" href=\"https:\/\/losperiodistas.com.mx\/portal\/wp-json\/wp\/v2\/pages\/5551\/?_page=3\">3<\/a><\/li>\n\t<li ><a href=\"#\">&hellip;<\/a><\/li>\n\t<li ><a class=\"\" href=\"https:\/\/losperiodistas.com.mx\/portal\/wp-json\/wp\/v2\/pages\/5551\/?_page=30\">30<\/a><\/li>\n\t<li ><a class=\" \" href=\"https:\/\/losperiodistas.com.mx\/portal\/wp-json\/wp\/v2\/pages\/5551\/?_page=2\">&rsaquo;<\/a><\/li>\n\t<\/ul><img loading=\"lazy\" decoding=\"async\" width=\"15\" height=\"15\" class=\"pt-cv-spinner\" alt=\"Cargando...\" src=\"data:image\/gif;base64,R0lGODlhDwAPALMPAMrKygwMDJOTkz09PZWVla+vr3p6euTk5M7OzuXl5TMzMwAAAJmZmWZmZszMzP\/\/\/yH\/C05FVFNDQVBFMi4wAwEAAAAh+QQFCgAPACwAAAAADwAPAAAEQvDJaZaZOIcV8iQK8VRX4iTYoAwZ4iCYoAjZ4RxejhVNoT+mRGP4cyF4Pp0N98sBGIBMEMOotl6YZ3S61Bmbkm4mAgAh+QQFCgAPACwAAAAADQANAAAENPDJSRSZeA418itN8QiK8BiLITVsFiyBBIoYqnoewAD4xPw9iY4XLGYSjkQR4UAUD45DLwIAIfkEBQoADwAsAAAAAA8ACQAABC\/wyVlamTi3nSdgwFNdhEJgTJoNyoB9ISYoQmdjiZPcj7EYCAeCF1gEDo4Dz2eIAAAh+QQFCgAPACwCAAAADQANAAAEM\/DJBxiYeLKdX3IJZT1FU0iIg2RNKx3OkZVnZ98ToRD4MyiDnkAh6BkNC0MvsAj0kMpHBAAh+QQFCgAPACwGAAAACQAPAAAEMDC59KpFDll73HkAA2wVY5KgiK5b0RRoI6MuzG6EQqCDMlSGheEhUAgqgUUAFRySIgAh+QQFCgAPACwCAAIADQANAAAEM\/DJKZNLND\/kkKaHc3xk+QAMYDKsiaqmZCxGVjSFFCxB1vwy2oOgIDxuucxAMTAJFAJNBAAh+QQFCgAPACwAAAYADwAJAAAEMNAs86q1yaWwwv2Ig0jUZx3OYa4XoRAfwADXoAwfo1+CIjyFRuEho60aSNYlOPxEAAAh+QQFCgAPACwAAAIADQANAAAENPA9s4y8+IUVcqaWJ4qEQozSoAzoIyhCK2NFU2SJk0hNnyEOhKR2AzAAj4Pj4GE4W0bkJQIAOw==\" \/><div class=\"clear pt-cv-clear-pagination\"><\/div><\/div><\/div><\/div>\n\t\t\t\t\t\t<\/div>\n\t\t\t\t<\/div>\n\t\t\t\t\t<\/div>\n\t\t<\/div>\n\t\t\t\t\t<\/div>\n\t\t<\/section>\n\t\t\t\t<\/div>\n\t\t","protected":false},"excerpt":{"rendered":"<p>POR SOLEARES<\/p>\n","protected":false},"author":1,"featured_media":0,"parent":0,"menu_order":0,"comment_status":"closed","ping_status":"closed","template":"elementor_header_footer","meta":{"site-sidebar-layout":"default","site-content-layout":"","ast-site-content-layout":"default","site-content-style":"default","site-sidebar-style":"default","ast-global-header-display":"","ast-banner-title-visibility":"","ast-main-header-display":"","ast-hfb-above-header-display":"","ast-hfb-below-header-display":"","ast-hfb-mobile-header-display":"","site-post-title":"","ast-breadcrumbs-content":"","ast-featured-img":"","footer-sml-layout":"","theme-transparent-header-meta":"","adv-header-id-meta":"","stick-header-meta":"","header-above-stick-meta":"","header-main-stick-meta":"","header-below-stick-meta":"","astra-migrate-meta-layouts":"default","ast-page-background-enabled":"default","ast-page-background-meta":{"desktop":{"background-color":"var(--ast-global-color-4)","background-image":"","background-repeat":"repeat","background-position":"center center","background-size":"auto","background-attachment":"scroll","background-type":"","background-media":"","overlay-type":"","overlay-color":"","overlay-opacity":"","overlay-gradient":""},"tablet":{"background-color":"","background-image":"","background-repeat":"repeat","background-position":"center center","background-size":"auto","background-attachment":"scroll","background-type":"","background-media":"","overlay-type":"","overlay-color":"","overlay-opacity":"","overlay-gradient":""},"mobile":{"background-color":"","background-image":"","background-repeat":"repeat","background-position":"center center","background-size":"auto","background-attachment":"scroll","background-type":"","background-media":"","overlay-type":"","overlay-color":"","overlay-opacity":"","overlay-gradient":""}},"ast-content-background-meta":{"desktop":{"background-color":"var(--ast-global-color-5)","background-image":"","background-repeat":"repeat","background-position":"center center","background-size":"auto","background-attachment":"scroll","background-type":"","background-media":"","overlay-type":"","overlay-color":"","overlay-opacity":"","overlay-gradient":""},"tablet":{"background-color":"var(--ast-global-color-5)","background-image":"","background-repeat":"repeat","background-position":"center center","background-size":"auto","background-attachment":"scroll","background-type":"","background-media":"","overlay-type":"","overlay-color":"","overlay-opacity":"","overlay-gradient":""},"mobile":{"background-color":"var(--ast-global-color-5)","background-image":"","background-repeat":"repeat","background-position":"center center","background-size":"auto","background-attachment":"scroll","background-type":"","background-media":"","overlay-type":"","overlay-color":"","overlay-opacity":"","overlay-gradient":""}},"footnotes":""},"class_list":["post-5551","page","type-page","status-publish","hentry"],"_links":{"self":[{"href":"https:\/\/losperiodistas.com.mx\/portal\/wp-json\/wp\/v2\/pages\/5551","targetHints":{"allow":["GET"]}}],"collection":[{"href":"https:\/\/losperiodistas.com.mx\/portal\/wp-json\/wp\/v2\/pages"}],"about":[{"href":"https:\/\/losperiodistas.com.mx\/portal\/wp-json\/wp\/v2\/types\/page"}],"author":[{"embeddable":true,"href":"https:\/\/losperiodistas.com.mx\/portal\/wp-json\/wp\/v2\/users\/1"}],"replies":[{"embeddable":true,"href":"https:\/\/losperiodistas.com.mx\/portal\/wp-json\/wp\/v2\/comments?post=5551"}],"version-history":[{"count":7,"href":"https:\/\/losperiodistas.com.mx\/portal\/wp-json\/wp\/v2\/pages\/5551\/revisions"}],"predecessor-version":[{"id":94700,"href":"https:\/\/losperiodistas.com.mx\/portal\/wp-json\/wp\/v2\/pages\/5551\/revisions\/94700"}],"wp:attachment":[{"href":"https:\/\/losperiodistas.com.mx\/portal\/wp-json\/wp\/v2\/media?parent=5551"}],"curies":[{"name":"wp","href":"https:\/\/api.w.org\/{rel}","templated":true}]}}